{"id":2244,"date":"2021-03-11T17:25:11","date_gmt":"2021-03-11T20:25:11","guid":{"rendered":"http:\/\/200.80.234.162\/?page_id=2244"},"modified":"2021-05-18T18:03:11","modified_gmt":"2021-05-18T21:03:11","slug":"empresa","status":"publish","type":"page","link":"https:\/\/egimpresores.com\/?page_id=2244&lang=pt","title":{"rendered":"Empresa"},"content":{"rendered":"[vc_row type=\u00bbfull_width_background\u00bb full_screen_row_position=\u00bbmiddle\u00bb column_margin=\u00bbnone\u00bb column_direction=\u00bbdefault\u00bb column_direction_tablet=\u00bbdefault\u00bb column_direction_phone=\u00bbdefault\u00bb scene_position=\u00bbcenter\u00bb text_color=\u00bbdark\u00bb text_align=\u00bbleft\u00bb row_border_radius=\u00bbnone\u00bb row_border_radius_applies=\u00bbbg\u00bb id=\u00bbabout\u00bb overlay_strength=\u00bb0.3&#8243; gradient_direction=\u00bbleft_to_right\u00bb shape_divider_position=\u00bbbottom\u00bb bg_image_animation=\u00bbnone\u00bb shape_type=\u00bb\u00bb][vc_column column_padding=\u00bbno-extra-padding\u00bb column_padding_tablet=\u00bbno-extra-padding\u00bb column_padding_phone=\u00bbpadding-1-percent\u00bb column_padding_position=\u00bball\u00bb constrain_group_1=\u00bbyes\u00bb constrain_group_2=\u00bbyes\u00bb top_margin_phone=\u00bb40px\u00bb centered_text=\u00bbtrue\u00bb background_color_opacity=\u00bb1&#8243; background_hover_color_opacity=\u00bb1&#8243; column_shadow=\u00bbnone\u00bb column_border_radius=\u00bbnone\u00bb column_link_target=\u00bb_self\u00bb gradient_direction=\u00bbleft_to_right\u00bb overlay_strength=\u00bb0.3&#8243; width=\u00bb1\/1&#8243; tablet_width_inherit=\u00bbdefault\u00bb tablet_text_alignment=\u00bbdefault\u00bb phone_text_alignment=\u00bbdefault\u00bb column_border_width=\u00bb1px\u00bb column_border_color=\u00bb#d8d8d8&#8243; column_border_style=\u00bbsolid\u00bb enable_border_animation=\u00bbtrue\u00bb bg_image_animation=\u00bbzoom-out-reveal\u00bb border_animation_delay=\u00bb500&#8243; offset=\u00bbvc_hidden-lg vc_hidden-md vc_hidden-sm\u00bb][image_with_animation image_url=\u00bb2172&#8243; animation=\u00bbFade In\u00bb hover_animation=\u00bbnone\u00bb alignment=\u00bbcenter\u00bb border_radius=\u00bbnone\u00bb box_shadow=\u00bbnone\u00bb image_loading=\u00bbdefault\u00bb max_width=\u00bb100%\u00bb max_width_mobile=\u00bbdefault\u00bb margin_bottom=\u00bb0&#8243; margin_top=\u00bb0&#8243; margin_left=\u00bb0&#8243; margin_right=\u00bb0&#8243;][\/vc_column][\/vc_row][vc_row type=\u00bbfull_width_background\u00bb full_screen_row_position=\u00bbmiddle\u00bb column_margin=\u00bb30px\u00bb column_direction=\u00bbdefault\u00bb column_direction_tablet=\u00bbdefault\u00bb column_direction_phone=\u00bbdefault\u00bb scene_position=\u00bbcenter\u00bb top_padding=\u00bb90px\u00bb bottom_padding=\u00bb90px\u00bb top_padding_tablet=\u00bb40&#8243; bottom_padding_tablet=\u00bb20&#8243; top_padding_phone=\u00bb40&#8243; bottom_padding_phone=\u00bb10px\u00bb text_color=\u00bbdark\u00bb text_align=\u00bbleft\u00bb row_border_radius=\u00bbnone\u00bb row_border_radius_applies=\u00bbbg\u00bb id=\u00bbabout\u00bb overlay_strength=\u00bb0.3&#8243; gradient_direction=\u00bbleft_to_right\u00bb shape_divider_position=\u00bbbottom\u00bb bg_image_animation=\u00bbnone\u00bb shape_type=\u00bb\u00bb][vc_column column_padding=\u00bbpadding-1-percent\u00bb column_padding_tablet=\u00bbinherit\u00bb column_padding_phone=\u00bbinherit\u00bb column_padding_position=\u00bball\u00bb constrain_group_1=\u00bbyes\u00bb constrain_group_2=\u00bbyes\u00bb centered_text=\u00bbtrue\u00bb background_color_opacity=\u00bb1&#8243; background_hover_color_opacity=\u00bb1&#8243; column_shadow=\u00bbnone\u00bb column_border_radius=\u00bbnone\u00bb column_link_target=\u00bb_self\u00bb gradient_direction=\u00bbleft_to_right\u00bb overlay_strength=\u00bb0.3&#8243; width=\u00bb7\/12&#8243; tablet_width_inherit=\u00bbdefault\u00bb tablet_text_alignment=\u00bbdefault\u00bb phone_text_alignment=\u00bbdefault\u00bb column_border_width=\u00bb1px\u00bb column_border_color=\u00bb#d8d8d8&#8243; column_border_style=\u00bbsolid\u00bb enable_border_animation=\u00bbtrue\u00bb bg_image_animation=\u00bbzoom-out-reveal\u00bb offset=\u00bbvc_hidden-xs\u00bb border_animation_delay=\u00bb500&#8243;][image_with_animation image_url=\u00bb2172&#8243; animation=\u00bbFade In\u00bb hover_animation=\u00bbnone\u00bb alignment=\u00bbcenter\u00bb border_radius=\u00bbnone\u00bb box_shadow=\u00bbnone\u00bb image_loading=\u00bbdefault\u00bb max_width=\u00bb100%\u00bb max_width_mobile=\u00bbdefault\u00bb margin_bottom=\u00bb0&#8243; margin_top=\u00bb0&#8243; margin_left=\u00bb0&#8243; margin_right=\u00bb0&#8243;][\/vc_column][vc_column column_padding=\u00bbno-extra-padding\u00bb column_padding_tablet=\u00bbinherit\u00bb column_padding_phone=\u00bbinherit\u00bb column_padding_position=\u00bbtop-bottom\u00bb background_color_opacity=\u00bb1&#8243; background_hover_color_opacity=\u00bb1&#8243; column_shadow=\u00bbnone\u00bb column_border_radius=\u00bbnone\u00bb column_link_target=\u00bb_self\u00bb gradient_direction=\u00bbleft_to_right\u00bb overlay_strength=\u00bb0.3&#8243; width=\u00bb5\/12&#8243; tablet_width_inherit=\u00bbdefault\u00bb tablet_text_alignment=\u00bbdefault\u00bb phone_text_alignment=\u00bbdefault\u00bb column_border_width=\u00bbnone\u00bb column_border_style=\u00bbsolid\u00bb bg_image_animation=\u00bbnone\u00bb][vc_column_text css_animation=\u00bbfadeInUp\u00bb]\n<h2 style=\"font-weight: bold; font-size: 28px; color: #003767;\">Parque Industrial<\/h2>\n[\/vc_column_text][divider line_type=\u00bbSmall Line\u00bb line_alignment=\u00bbdefault\u00bb line_thickness=\u00bb1&#8243; divider_color=\u00bbdefault\u00bb animate=\u00bbyes\u00bb custom_height=\u00bb30&#8243; custom_line_width=\u00bb60&#8243;][vc_column_text css_animation=\u00bbfadeInUp\u00bb]\n<h4 style=\"color: #002346;\">Estamos localizados no <strong>Parque Industrial de Pilar, em um parque gr\u00e1fico de 10 ha com 50.000 m2 de \u00e1rea constru\u00edda<\/strong>. Ambas as <strong>unidades de produ\u00e7\u00e3o<\/strong> foram projetadas visando otimizar o fluxo de trabalho e os tempos de produ\u00e7\u00e3o, garantindo <strong>os mais elevados padr\u00f5es de qualidade e seguran\u00e7a.<\/strong><\/h4>\n<h4 style=\"color: #002346;\">No mesmo parque est\u00e3o:<\/h4>\n[\/vc_column_text][vc_row_inner content_placement=\u00bbtop\u00bb column_margin=\u00bb20px\u00bb column_direction=\u00bbdefault\u00bb column_direction_tablet=\u00bbdefault\u00bb column_direction_phone=\u00bbdefault\u00bb text_align=\u00bbleft\u00bb][vc_column_inner column_padding=\u00bbno-extra-padding\u00bb column_padding_tablet=\u00bbinherit\u00bb column_padding_phone=\u00bbinherit\u00bb column_padding_position=\u00bbright\u00bb background_color_opacity=\u00bb1&#8243; background_hover_color_opacity=\u00bb1&#8243; column_shadow=\u00bbnone\u00bb column_border_radius=\u00bbnone\u00bb column_link_target=\u00bb_self\u00bb gradient_direction=\u00bbleft_to_right\u00bb overlay_strength=\u00bb0.3&#8243; width=\u00bb1\/1&#8243; tablet_width_inherit=\u00bbdefault\u00bb column_border_width=\u00bbnone\u00bb column_border_style=\u00bbsolid\u00bb bg_image_animation=\u00bbnone\u00bb enable_animation=\u00bbtrue\u00bb animation=\u00bbfade-in-from-bottom\u00bb offset=\u00bbvc_col-lg-12 vc_col-md-12&#8243; delay=\u00bb500&#8243;]<div class=\"iwithtext\"><div class=\"iwt-icon\"> <img decoding=\"async\" src=\"https:\/\/egimpresores.com\/wp-content\/uploads\/check-negative25@2x.png\" alt=\"\" \/> <\/div><div class=\"iwt-text\"> \n<h4 style=\"color: #002346;\"><strong>A Divis\u00e3o Offset<\/strong><br \/>\npara a produ\u00e7\u00e3o de estojos de cartolina e etiquetas de papel.<\/h4>\n <\/div><div class=\"clear\"><\/div><\/div><div class=\"iwithtext\"><div class=\"iwt-icon\"> <img decoding=\"async\" src=\"https:\/\/egimpresores.com\/wp-content\/uploads\/check-negative25@2x.png\" alt=\"\" \/> <\/div><div class=\"iwt-text\"> \n<h4 style=\"color: #002346;\"><strong>A Divis\u00e3o Flexo<\/strong><br \/>\npara a produ\u00e7\u00e3o de embalagens flex\u00edveis.<\/h4>\n <\/div><div class=\"clear\"><\/div><\/div>[\/vc_column_inner][\/vc_row_inner][\/vc_column][\/vc_row][vc_row type=\u00bbfull_width_background\u00bb full_screen_row_position=\u00bbmiddle\u00bb column_margin=\u00bb30px\u00bb column_direction=\u00bbdefault\u00bb column_direction_tablet=\u00bbdefault\u00bb column_direction_phone=\u00bbdefault\u00bb bg_color=\u00bb#e9e9e9&#8243; scene_position=\u00bbcenter\u00bb top_padding=\u00bb90px\u00bb top_padding_tablet=\u00bb40&#8243; bottom_padding_tablet=\u00bb0&#8243; top_padding_phone=\u00bb40&#8243; bottom_padding_phone=\u00bb0&#8243; text_color=\u00bbdark\u00bb text_align=\u00bbleft\u00bb row_border_radius=\u00bbnone\u00bb row_border_radius_applies=\u00bbbg\u00bb id=\u00bbabout\u00bb overlay_strength=\u00bb0.3&#8243; gradient_direction=\u00bbleft_to_right\u00bb shape_divider_position=\u00bbbottom\u00bb bg_image_animation=\u00bbnone\u00bb shape_type=\u00bb\u00bb][vc_column column_padding=\u00bbno-extra-padding\u00bb column_padding_tablet=\u00bbinherit\u00bb column_padding_phone=\u00bbinherit\u00bb column_padding_position=\u00bbtop-bottom\u00bb bottom_margin_tablet=\u00bb0&#8243; bottom_margin_phone=\u00bb0&#8243; background_color_opacity=\u00bb1&#8243; background_hover_color_opacity=\u00bb1&#8243; column_shadow=\u00bbnone\u00bb column_border_radius=\u00bbnone\u00bb column_link_target=\u00bb_self\u00bb gradient_direction=\u00bbleft_to_right\u00bb overlay_strength=\u00bb0.3&#8243; width=\u00bb7\/12&#8243; tablet_width_inherit=\u00bbdefault\u00bb tablet_text_alignment=\u00bbdefault\u00bb phone_text_alignment=\u00bbdefault\u00bb column_border_width=\u00bbnone\u00bb column_border_style=\u00bbsolid\u00bb bg_image_animation=\u00bbnone\u00bb][vc_column_text css_animation=\u00bbfadeInUp\u00bb]\n<h2 style=\"font-weight: bold; font-size: 28px; color: #003767;\">Nossa Hist\u00f3ria<\/h2>\n[\/vc_column_text][divider line_type=\u00bbSmall Line\u00bb line_alignment=\u00bbdefault\u00bb line_thickness=\u00bb1&#8243; divider_color=\u00bbdefault\u00bb animate=\u00bbyes\u00bb custom_height=\u00bb30&#8243; custom_line_width=\u00bb60&#8243;][vc_column_text css_animation=\u00bbfadeInUp\u00bb]\n<h4 style=\"color: #002346;\">Fundada em 29 de outubro de 1968, na casa da fam\u00edlia em Buenos Aires, por <strong>Beatriz Ar\u00f3stegui e Mario Recio<\/strong>. E hoje, cinco d\u00e9cadas depois, <strong>continua com o mesmo esp\u00edrito empreendedor<\/strong>, crescendo gerenciada por seus filhos e netos.<\/h4>\n[\/vc_column_text][\/vc_column][vc_column column_padding=\u00bbpadding-1-percent\u00bb column_padding_tablet=\u00bbinherit\u00bb column_padding_phone=\u00bbinherit\u00bb column_padding_position=\u00bball\u00bb bottom_margin=\u00bb90&#8243; constrain_group_2=\u00bbyes\u00bb top_margin_tablet=\u00bb40&#8243; bottom_margin_tablet=\u00bb50&#8243; top_margin_phone=\u00bb40&#8243; bottom_margin_phone=\u00bb50&#8243; centered_text=\u00bbtrue\u00bb background_color_opacity=\u00bb1&#8243; background_hover_color_opacity=\u00bb1&#8243; column_shadow=\u00bbnone\u00bb column_border_radius=\u00bbnone\u00bb column_link_target=\u00bb_self\u00bb gradient_direction=\u00bbleft_to_right\u00bb overlay_strength=\u00bb0.3&#8243; width=\u00bb5\/12&#8243; tablet_width_inherit=\u00bbdefault\u00bb tablet_text_alignment=\u00bbdefault\u00bb phone_text_alignment=\u00bbdefault\u00bb column_border_width=\u00bb1px\u00bb column_border_color=\u00bb#d8d8d8&#8243; column_border_style=\u00bbsolid\u00bb enable_border_animation=\u00bbtrue\u00bb bg_image_animation=\u00bbzoom-out-reveal\u00bb enable_animation=\u00bbtrue\u00bb animation=\u00bbfade-in\u00bb border_animation_delay=\u00bb500&#8243;][vc_gallery type=\u00bbflickity_static_height_style\u00bb images=\u00bb1686,1687&#8243; flickity_spacing=\u00bbdefault\u00bb flickity_controls=\u00bbpagination\u00bb flickity_overflow=\u00bbhidden\u00bb flickity_wrap_around=\u00bbno-wrap\u00bb flickity_autoplay=\u00bbtrue\u00bb flickity_box_shadow=\u00bbnone\u00bb image_loading=\u00bblazy-load\u00bb onclick=\u00bblink_no\u00bb flickity_img_height=\u00bb300&#8243; flickity_img_small_desktop_height=\u00bb250&#8243; flickity_img_tablet_height=\u00bb400&#8243; flickity_img_mobile_height=\u00bb200&#8243;][\/vc_column][\/vc_row]\n","protected":false},"excerpt":{"rendered":"<p>[vc_row type=\u00bbfull_width_background\u00bb full_screen_row_position=\u00bbmiddle\u00bb column_margin=\u00bbnone\u00bb column_direction=\u00bbdefault\u00bb column_direction_tablet=\u00bbdefault\u00bb column_direction_phone=\u00bbdefault\u00bb scene_position=\u00bbcenter\u00bb text_color=\u00bbdark\u00bb text_align=\u00bbleft\u00bb row_border_radius=\u00bbnone\u00bb row_border_radius_applies=\u00bbbg\u00bb id=\u00bbabout\u00bb overlay_strength=\u00bb0.3&#8243; gradient_direction=\u00bbleft_to_right\u00bb shape_divider_position=\u00bbbottom\u00bb bg_image_animation=\u00bbnone\u00bb shape_type=\u00bb\u00bb][vc_column column_padding=\u00bbno-extra-padding\u00bb column_padding_tablet=\u00bbno-extra-padding\u00bb column_padding_phone=\u00bbpadding-1-percent\u00bb column_padding_position=\u00bball\u00bb constrain_group_1=\u00bbyes\u00bb constrain_group_2=\u00bbyes\u00bb top_margin_phone=\u00bb40px\u00bb centered_text=\u00bbtrue\u00bb background_color_opacity=\u00bb1&#8243; background_hover_color_opacity=\u00bb1&#8243; column_shadow=\u00bbnone\u00bb column_border_radius=\u00bbnone\u00bb&#8230;<\/p>\n","protected":false},"author":1,"featured_media":0,"parent":0,"menu_order":0,"comment_status":"closed","ping_status":"closed","template":"","meta":{"footnotes":""},"class_list":["post-2244","page","type-page","status-publish"],"yoast_head":"<!-- This site is optimized with the Yoast SEO plugin v27.4 - https:\/\/yoast.com\/product\/yoast-seo-wordpress\/ -->\n<title>Empresa | EG Impresores<\/title>\n<meta name=\"robots\" content=\"index, follow, max-snippet:-1, max-image-preview:large, max-video-preview:-1\" \/>\n<link rel=\"canonical\" href=\"https:\/\/egimpresores.com\/?page_id=2244&lang=pt\" \/>\n<meta property=\"og:locale\" content=\"es_ES\" \/>\n<meta property=\"og:type\" content=\"article\" \/>\n<meta property=\"og:title\" content=\"Empresa | EG Impresores\" \/>\n<meta property=\"og:description\" content=\"[vc_row type=\u00bbfull_width_background\u00bb full_screen_row_position=\u00bbmiddle\u00bb column_margin=\u00bbnone\u00bb column_direction=\u00bbdefault\u00bb column_direction_tablet=\u00bbdefault\u00bb column_direction_phone=\u00bbdefault\u00bb scene_position=\u00bbcenter\u00bb text_color=\u00bbdark\u00bb text_align=\u00bbleft\u00bb row_border_radius=\u00bbnone\u00bb row_border_radius_applies=\u00bbbg\u00bb id=\u00bbabout\u00bb overlay_strength=\u00bb0.3&#8243; gradient_direction=\u00bbleft_to_right\u00bb shape_divider_position=\u00bbbottom\u00bb bg_image_animation=\u00bbnone\u00bb shape_type=\u00bb\u00bb][vc_column column_padding=\u00bbno-extra-padding\u00bb column_padding_tablet=\u00bbno-extra-padding\u00bb column_padding_phone=\u00bbpadding-1-percent\u00bb column_padding_position=\u00bball\u00bb constrain_group_1=\u00bbyes\u00bb constrain_group_2=\u00bbyes\u00bb top_margin_phone=\u00bb40px\u00bb centered_text=\u00bbtrue\u00bb background_color_opacity=\u00bb1&#8243; background_hover_color_opacity=\u00bb1&#8243; column_shadow=\u00bbnone\u00bb column_border_radius=\u00bbnone\u00bb...\" \/>\n<meta property=\"og:url\" content=\"https:\/\/egimpresores.com\/?page_id=2244&amp;lang=pt\" \/>\n<meta property=\"og:site_name\" content=\"EG Impresores\" \/>\n<meta property=\"article:modified_time\" content=\"2021-05-18T21:03:11+00:00\" \/>\n<meta property=\"og:image\" content=\"https:\/\/egimpresores.com\/wp-content\/uploads\/logo@2x-1.png\" \/>\n\t<meta property=\"og:image:width\" content=\"386\" \/>\n\t<meta property=\"og:image:height\" content=\"72\" \/>\n\t<meta property=\"og:image:type\" content=\"image\/png\" \/>\n<meta name=\"twitter:card\" content=\"summary_large_image\" \/>\n<meta name=\"twitter:label1\" content=\"Tiempo de lectura\" \/>\n\t<meta name=\"twitter:data1\" content=\"2 minutos\" \/>\n<script type=\"application\/ld+json\" class=\"yoast-schema-graph\">{\"@context\":\"https:\\\/\\\/schema.org\",\"@graph\":[{\"@type\":\"WebPage\",\"@id\":\"https:\\\/\\\/egimpresores.com\\\/?page_id=2244&lang=pt\",\"url\":\"https:\\\/\\\/egimpresores.com\\\/?page_id=2244&lang=pt\",\"name\":\"Empresa | EG Impresores\",\"isPartOf\":{\"@id\":\"https:\\\/\\\/egimpresores.com\\\/#website\"},\"datePublished\":\"2021-03-11T20:25:11+00:00\",\"dateModified\":\"2021-05-18T21:03:11+00:00\",\"breadcrumb\":{\"@id\":\"https:\\\/\\\/egimpresores.com\\\/?page_id=2244&lang=pt#breadcrumb\"},\"inLanguage\":\"es\",\"potentialAction\":[{\"@type\":\"ReadAction\",\"target\":[\"https:\\\/\\\/egimpresores.com\\\/?page_id=2244&lang=pt\"]}]},{\"@type\":\"BreadcrumbList\",\"@id\":\"https:\\\/\\\/egimpresores.com\\\/?page_id=2244&lang=pt#breadcrumb\",\"itemListElement\":[{\"@type\":\"ListItem\",\"position\":1,\"name\":\"Portada\",\"item\":\"https:\\\/\\\/egimpresores.com\\\/\"},{\"@type\":\"ListItem\",\"position\":2,\"name\":\"Empresa\"}]},{\"@type\":\"WebSite\",\"@id\":\"https:\\\/\\\/egimpresores.com\\\/#website\",\"url\":\"https:\\\/\\\/egimpresores.com\\\/\",\"name\":\"EG Impresores\",\"description\":\"Establecimiento Gr&aacute;fico\",\"publisher\":{\"@id\":\"https:\\\/\\\/egimpresores.com\\\/#organization\"},\"potentialAction\":[{\"@type\":\"SearchAction\",\"target\":{\"@type\":\"EntryPoint\",\"urlTemplate\":\"https:\\\/\\\/egimpresores.com\\\/?s={search_term_string}\"},\"query-input\":{\"@type\":\"PropertyValueSpecification\",\"valueRequired\":true,\"valueName\":\"search_term_string\"}}],\"inLanguage\":\"es\"},{\"@type\":\"Organization\",\"@id\":\"https:\\\/\\\/egimpresores.com\\\/#organization\",\"name\":\"EG Impresores\",\"url\":\"https:\\\/\\\/egimpresores.com\\\/\",\"logo\":{\"@type\":\"ImageObject\",\"inLanguage\":\"es\",\"@id\":\"https:\\\/\\\/egimpresores.com\\\/#\\\/schema\\\/logo\\\/image\\\/\",\"url\":\"http:\\\/\\\/egimpresores.com\\\/wp-content\\\/uploads\\\/logo.png\",\"contentUrl\":\"http:\\\/\\\/egimpresores.com\\\/wp-content\\\/uploads\\\/logo.png\",\"width\":193,\"height\":36,\"caption\":\"EG Impresores\"},\"image\":{\"@id\":\"https:\\\/\\\/egimpresores.com\\\/#\\\/schema\\\/logo\\\/image\\\/\"}}]}<\/script>\n<!-- \/ Yoast SEO plugin. -->","yoast_head_json":{"title":"Empresa | EG Impresores","robots":{"index":"index","follow":"follow","max-snippet":"max-snippet:-1","max-image-preview":"max-image-preview:large","max-video-preview":"max-video-preview:-1"},"canonical":"https:\/\/egimpresores.com\/?page_id=2244&lang=pt","og_locale":"es_ES","og_type":"article","og_title":"Empresa | EG Impresores","og_description":"[vc_row type=\u00bbfull_width_background\u00bb full_screen_row_position=\u00bbmiddle\u00bb column_margin=\u00bbnone\u00bb column_direction=\u00bbdefault\u00bb column_direction_tablet=\u00bbdefault\u00bb column_direction_phone=\u00bbdefault\u00bb scene_position=\u00bbcenter\u00bb text_color=\u00bbdark\u00bb text_align=\u00bbleft\u00bb row_border_radius=\u00bbnone\u00bb row_border_radius_applies=\u00bbbg\u00bb id=\u00bbabout\u00bb overlay_strength=\u00bb0.3&#8243; gradient_direction=\u00bbleft_to_right\u00bb shape_divider_position=\u00bbbottom\u00bb bg_image_animation=\u00bbnone\u00bb shape_type=\u00bb\u00bb][vc_column column_padding=\u00bbno-extra-padding\u00bb column_padding_tablet=\u00bbno-extra-padding\u00bb column_padding_phone=\u00bbpadding-1-percent\u00bb column_padding_position=\u00bball\u00bb constrain_group_1=\u00bbyes\u00bb constrain_group_2=\u00bbyes\u00bb top_margin_phone=\u00bb40px\u00bb centered_text=\u00bbtrue\u00bb background_color_opacity=\u00bb1&#8243; background_hover_color_opacity=\u00bb1&#8243; column_shadow=\u00bbnone\u00bb column_border_radius=\u00bbnone\u00bb...","og_url":"https:\/\/egimpresores.com\/?page_id=2244&lang=pt","og_site_name":"EG Impresores","article_modified_time":"2021-05-18T21:03:11+00:00","og_image":[{"width":386,"height":72,"url":"https:\/\/egimpresores.com\/wp-content\/uploads\/logo@2x-1.png","type":"image\/png"}],"twitter_card":"summary_large_image","twitter_misc":{"Tiempo de lectura":"2 minutos"},"schema":{"@context":"https:\/\/schema.org","@graph":[{"@type":"WebPage","@id":"https:\/\/egimpresores.com\/?page_id=2244&lang=pt","url":"https:\/\/egimpresores.com\/?page_id=2244&lang=pt","name":"Empresa | EG Impresores","isPartOf":{"@id":"https:\/\/egimpresores.com\/#website"},"datePublished":"2021-03-11T20:25:11+00:00","dateModified":"2021-05-18T21:03:11+00:00","breadcrumb":{"@id":"https:\/\/egimpresores.com\/?page_id=2244&lang=pt#breadcrumb"},"inLanguage":"es","potentialAction":[{"@type":"ReadAction","target":["https:\/\/egimpresores.com\/?page_id=2244&lang=pt"]}]},{"@type":"BreadcrumbList","@id":"https:\/\/egimpresores.com\/?page_id=2244&lang=pt#breadcrumb","itemListElement":[{"@type":"ListItem","position":1,"name":"Portada","item":"https:\/\/egimpresores.com\/"},{"@type":"ListItem","position":2,"name":"Empresa"}]},{"@type":"WebSite","@id":"https:\/\/egimpresores.com\/#website","url":"https:\/\/egimpresores.com\/","name":"EG Impresores","description":"Establecimiento Gr&aacute;fico","publisher":{"@id":"https:\/\/egimpresores.com\/#organization"},"potentialAction":[{"@type":"SearchAction","target":{"@type":"EntryPoint","urlTemplate":"https:\/\/egimpresores.com\/?s={search_term_string}"},"query-input":{"@type":"PropertyValueSpecification","valueRequired":true,"valueName":"search_term_string"}}],"inLanguage":"es"},{"@type":"Organization","@id":"https:\/\/egimpresores.com\/#organization","name":"EG Impresores","url":"https:\/\/egimpresores.com\/","logo":{"@type":"ImageObject","inLanguage":"es","@id":"https:\/\/egimpresores.com\/#\/schema\/logo\/image\/","url":"http:\/\/egimpresores.com\/wp-content\/uploads\/logo.png","contentUrl":"http:\/\/egimpresores.com\/wp-content\/uploads\/logo.png","width":193,"height":36,"caption":"EG Impresores"},"image":{"@id":"https:\/\/egimpresores.com\/#\/schema\/logo\/image\/"}}]}},"_links":{"self":[{"href":"https:\/\/egimpresores.com\/index.php?rest_route=\/wp\/v2\/pages\/2244","targetHints":{"allow":["GET"]}}],"collection":[{"href":"https:\/\/egimpresores.com\/index.php?rest_route=\/wp\/v2\/pages"}],"about":[{"href":"https:\/\/egimpresores.com\/index.php?rest_route=\/wp\/v2\/types\/page"}],"author":[{"embeddable":true,"href":"https:\/\/egimpresores.com\/index.php?rest_route=\/wp\/v2\/users\/1"}],"replies":[{"embeddable":true,"href":"https:\/\/egimpresores.com\/index.php?rest_route=%2Fwp%2Fv2%2Fcomments&post=2244"}],"version-history":[{"count":5,"href":"https:\/\/egimpresores.com\/index.php?rest_route=\/wp\/v2\/pages\/2244\/revisions"}],"predecessor-version":[{"id":2446,"href":"https:\/\/egimpresores.com\/index.php?rest_route=\/wp\/v2\/pages\/2244\/revisions\/2446"}],"wp:attachment":[{"href":"https:\/\/egimpresores.com\/index.php?rest_route=%2Fwp%2Fv2%2Fmedia&parent=2244"}],"curies":[{"name":"wp","href":"https:\/\/api.w.org\/{rel}","templated":true}]}}